 3*x - 53 = -21, x + 11 = 3*v. Suppose -3*h + 9 = -d, 15*d + 4*h - 11 = 16*d. What is the units digit of v/2*(1295/25 + d)?
2
Suppose 5*s = 2*g + 1, -47 = -7*g + 2*g - 4*s. Let v(k) = 7*k**2 - 36*k - 11. What is the units digit of v(g)?
0
Suppose -1500 = -g + 4*p, -3*g - p - 7405 = -8*g. Let y = -740 + g. What is the tens digit of y?
4
Let q(u) = u**2 - 13*u - 195. Let f be q(-11). Let i = 426 - f. What is the hundreds digit of i?
3
Suppose -n = -4, 0*n - 580 = -3*m + 2*n. Suppose -15 = 4*p - 5*q, -3*p - q = -6*q + 15. Suppose p*d + 4*d = m. What is the tens digit of d?
4
Let d(a) = a**3 - 3*a**2 + 2*a - 6. Let f be d(-3). Let b = -65 - f. What is the units digit of 80*9*b/12?
0
What is the units digit of -6 - 344/(-56) - (-713090)/49?
3
Let d(i) = -280*i - 8. Let h be d(1). Let b = h - -444. What is the tens digit of b?
5
Let q = -57123 - -80167. What is the ten thousands digit of q?
2
Let b = -29891 - -50747. What is the ten thousands digit of b?
2
Let i(u) = -u**3 + 21*u**2 - 33*u - 9. Let t(s) = -3*s + 10. Let q be t(-3). Let l be i(q). Suppose 33 = v - l. What is the hundreds digit of v?
1
Let k(l) = l**3 + 4*l**2 - 4. Let c be k(-3). Suppose 3*p + 4*m + 144 = 572, 0 = c*p - 3*m - 752. What is the hundreds digit of p?
1
Let f(z) = z**3 + 8*z**2 - 3*z - 5. Let m be f(-5). Let n = m - 78. What is the units digit of n?
7
Let a(j) = 6*j + 78. Let s be a(-13). What is the tens digit of (8/12)/((-2)/(-375) - s)?
2
What is the hundreds digit of ((-16419)/21 - 1)*(-1155)/66?
7
Let p(l) = 4*l**2 + 10*l - 14. Let u be p(-6). Let w = u + -65. Suppose 643 = w*b - r + 4*r, -5*r - 282 = -2*b. What is the hundreds digit of b?
1
Suppose r + 2 = -4*k - 11, r + 17 = -5*k. Suppose -c + 938 = r*n, -3*n - 636 = -5*n + 2*c. What is the hundreds digit of 2 - n/(-3) - 5/(-15)?
1
Let z = 59 + -50. Let s(d) = -6*d + 60. Let b be s(z). What is the tens digit of (-4)/b - (-4532)/66?
6
Let k = -34 + 53. Suppose i - k + 14 = 0. What is the units digit of (-2)/1*-10*i/2?
0
Suppose -51*a + 30*a = -49*a + 268464. What is the hundreds digit of a?
5
Suppose -32 = -3*f - 98. Let g = -68 + -60. Let s = f - g. What is the hundreds digit of s?
1
Suppose -48*k + 39816 = -41112. What is the units digit of k?
6
Suppose -1248 = -5*o + 522. Suppose 3*b + 3*v = -270, -2*v = 4*b - 0*v + o. Let m = 167 + b. What is the tens digit of m?
8
Suppose -1605*s = -802*s - 802*s - 34697. What is the units digit of s?
7
Let q(h) = -3*h**3 - 4*h**2 - 4*h - 4. Let k be q(-3). Let p be k*(2 - 3) - 4. Let m = -14 - p. What is the tens digit of m?
4
Let g be 11577/57 - (-6)/(-57). Suppose 63 = -14*n + g. What is the units digit of n?
0
Let l be -3*5/(-15)*8559 - -6. Suppose -l = -14*f - f. What is the units digit of f?
1
Let k(j) = j**3 - 6*j**2 - 6*j + 1. Let c be k(7). Let i(p) = -32*p - 37. Let h(b) = -55*b - 55. Let o(f) = -5*h(f) + 8*i(f). What is the tens digit of o(c)?
3
Let w(n) = -n + 19. Let p be w(19). What is the tens digit of (-17)/(7/21*(p + -1))?
5
Let f be 6/4*(-80)/(-30). Suppose -f + 1 = -c. Suppose -4*m = -z + 32, -3*z + 3*m - c + 81 = 0. What is the tens digit of z?
2
Let d(v) = v**3 + 19*v**2 + 18*v + 6. Let r be d(-18). Suppose 4*a + j - 2298 = 0, 2*j + 8 = r*j. What is the tens digit of a?
7
Suppose -m + 0*m = -2*u + 1, -5*u + 19 = 3*m. Suppose -2*s + u*q + 1323 = -229, 2*s = 5*q + 1543. What is the units digit of s?
9
Suppose 6*l - 5007 - 18885 = 0. What is the units digit of l?
2
Let s(w) = -1102*w - 3683. What is the ten thousands digit of s(-15)?
1
Let r(x) = x**2 - 1. Let l(a) = -3*a**2 + 15*a - 3. Let h(w) = l(w) + 5*r(w). Let d be -4 + 3 - (8 - (-1 + 1)). What is the units digit of h(d)?
9
Let k = -9222 + 12972. Suppose j + 4*j - 4*n = k, -3*j = n - 2233. What is the units digit of j?
6
Suppose 3*p = 4*d + 67, d = -2 - 2. Suppose 0 = p*i - 73 - 165. Suppose -13*j = -i*j + 288. What is the tens digit of j?
8
Let z(h) = 6*h + 49. Suppose 4*d + 3*v = 104, 6*d - 5*v - 49 = 3*d. What is the tens digit of z(d)?
8
What is the thousands digit of (-26)/403 - (-704080)/124?
5
Let t = -338 - -342. Suppose -4*g + 9*g + 1950 = 0. What is the units digit of (t + -1)/((-9)/g)?
0
Let m(j) = 979*j + 3731. What is the ten thousands digit of m(11)?
1
Let i be 3 + 6/(2 + 1) + -5. Suppose -2*d + 5*r - r + 148 = i, d - 5*r = 62. What is the units digit of d?
2
Let a be ((-42)/(-4))/((-22)/(-44)). Suppose -a*f - 4738 = -19585. What is the units digit of f?
7
Suppose 0 = 3*r - 5*q - 76333, -174*q + 173*q = -3*r + 76337. What is the units digit of r?
6
Suppose 3*y = -4*o + 1123, 11*o - 839 = 8*o + y. Suppose 4*x + 350 = 5*h, 4*h - 4*x = -8*x + o. What is the units digit of h?
0
Suppose a - 677 = 21. Suppose -4 = -4*x, 0*q + 4*q - 2*x = a. What is the units digit of -2 + q + 3 + -6?
0
Let a = 6028 - 1922. Suppose -20*i + 6514 + a = 0. What is the tens digit of i?
3
Suppose -n - 2*x + 8 = 14, -5*x = 2*n + 14. Let d(j) = -19*j**3 + 3*j**2 + 5*j + 1. What is the hundreds digit of d(n)?
1
What is the tens digit of 3/24*-2*5122892/(-167)?
6
Suppose 4*l - 2*h + 106 = 0, 3*h - 34 = 2*l + 13. Let a = l + 115. What is the units digit of a?
7
Let q(x) = -443*x + 362. Let g be q(12). What is the tens digit of 32/(-240) - g/30?
6
Let p(a) = -1. Let y(s) = -87*s + 35. Let z(w) = -4*p(w) - y(w). What is the tens digit of z(9)?
5
Let o = 236 + -61. Let a = 135 + o. What is the tens digit of a?
1
Let z be 5/(2 + -7) - -1. Suppose z = -5*s - 26 + 76. Let g = s - -16. What is the tens digit of g?
2
Suppose -139*a = 144*a - 297*a + 103432. What is the hundreds digit of a?
3
Let a(m) = -9*m - 334. Let q be a(15). Let x = 1764 + q. What is the hundreds digit of x?
2
Let z(y) = -23178*y + 344. What is the thousands digit of z(-1)?
3
Let z(m) = -m**3 + 113*m**2 - 209*m - 660. What is the units digit of z(111)?
3
Suppose -75 = 5*h - 10*h. Suppose -2*m = -3*a - 4, -5*a = 3*m - 2*m - h. What is the tens digit of 45 + (-2 + -3)/m?
4
Suppose 5*r + 8621 + 2459 = 0. Let n be 1 - (1 - 8/(-1)). What is the tens digit of r/(-32) - (-2)/n?
6
Let n(o) = o**3 + o**2 + o - 9. Let x be n(0). Let l = x + 9. Suppose 4*y = -l*y + 424. What is the hundreds digit of y?
1
Let l = 273 - 160. Suppose -3*i - l = -2*q, -q - 4*i = -0*q - 84. What is the tens digit of q?
6
Suppose -z - 47*z + 384 = 0. Suppose -2095 = -z*j - 623. What is the hundreds digit of j?
1
Suppose -11*n + 942 = -8*n. Let p = 536 - n. What is the units digit of p?
2
Let s(g) = g**3 + 5*g**2 - 11*g + 5318. What is the units digit of s(0)?
8
Let p(g) = 8*g**3 - g**2 - 4*g - 16. Let t be p(5). What is the hundreds digit of (45/(-10))/(t/948 + -1)?
4
Suppose 478*q = 474*q - 456. What is the units digit of (-14)/77 - q/22?
5
Let o(y) = 283*y**2 + 73*y - 294. What is the hundreds digit of o(4)?
5
Let d(j) = 8*j**3 + 5*j**2 - 2*j - 51. What is the units digit of d(11)?
0
Suppose 3*p - 3*i = 21, 5*p = 4*i + 14 + 18. Suppose 938 = p*w - r, 0 = 5*w + 3*r - 4*r - 1172. What is the units digit of w?
4
Let j = -3242 + 4073. What is the tens digit of j?
3
Let g(y) = y**2 - 17*y + 72. Let v be g(10). Suppose -7654 = -5*a - v*c, -4608 = 29*a - 32*a + 4*c. What is the tens digit of a?
3
Suppose 9*s + 7*s - 1400 = 168. Let h = 504 + -345. Let y = h - s. What is the tens digit of y?
6
Let s = 20 - 17. Suppose -s*w + 231 = 3*o, 0 = 4*o + 3*w - 5*w - 284. Suppose -r = -o - 44. What is the units digit of r?
7
Suppose -3*t = 3*f + 2*t - 1882, -628 = -f - 2*t. Let z(n) = -2*n**2 + 0 + 1 + 3*n**2 + 625*n - f*n. What is the tens digit of z(-4)?
1
Let j(w) = 10*w**2 + 14*w - 14. Let o be j(-5). Suppose -174*m = -o*m - 15160. What is the thousands digit of m?
1
Let t = 444 - 300. What is the units digit of 1/3*-124*t/(-32)?
6
Let j(k) = -14*k**3 + 12*k**2 + 51*k + 17. What is the hundreds digit of j(-8)?
5
Let k be 148/20 + ((-8)/20)/1. Suppose -3*i - 2812 = -k*i. What is the hundreds digit of i?
7
Let k(b) = -881*b + 1475. What is the hundreds digit of k(-8)?
5
Suppose -72 = 5*g + 3. Let d be g/(-20) - 10725/(-20). Let j = -282 + d. What is the tens digit of j?
5
Let b be (27/(-6))/((-3)/18). Let s be (-1 - 2)*(-45)/b. Suppose s*o = 2*f - 153, o + 22 = -3*f + 277. What is the units digit of f?
4
Suppose -4*t - 33640 = -3*b, -19939 - 2491 = -2*b + 2*t. What is the units digit of b?
0
Let j(b) b